e 9, what is -6 - 31175?
-31182
In base 10, what is -4 + -178964?
-178968
In base 6, what is -31111 - 4?
-31115
In base 13, what is 3 + -a7b80?
-a7b7a
In base 5, what is -430 - -1203?
223
In base 10, what is -4879 + -76?
-4955
In base 16, what is -148 + -94?
-1dc
In base 13, what is 0 - 8c3b0?
-8c3b0
In base 4, what is -11332 - -2030?
-3302
In base 8, what is 62036 + 3?
62041
In base 7, what is -1 - -60011?
60010
In base 12, what is -b + -1882?
-1891
In base 11, what is 45848 - -1?
45849
In base 4, what is -3 - 12211321?
-12211330
In base 14, what is -5 + -6a412?
-6a417
In base 8, what is 3010743 - 0?
3010743
In base 8, what is -5 - 2477056?
-2477063
In base 10, what is 12589 + -3?
12586
In base 10, what is 103 + -16401?
-16298
In base 13, what is 56 - -28?
81
In base 7, what is 102211 + -51?
102130
In base 14, what is -1b5a + -214?
-1d70
In base 14, what is -52391 + -6?
-52397
In base 6, what is -3 + -10531003?
-10531010
In base 8, what is 0 + 34573?
34573
In base 14, what is 2b + -b70?
-b43
In base 9, what is -8565645 - 2?
-8565647
In base 15, what is -51e0 + 0?
-51e0
In base 15, what is -37 - -51?
19
In base 11, what is 11334 + -11?
11323
In base 2, what is 111101011011 + 1000100101?
1000110000000
In base 11, what is 6 - 217811?
-217806
In base 12, what is -217b0 - 2?
-217b2
In base 4, what is -110120022231 + -1?
-110120022232
In base 11, what is -6958 - 2?
-695a
In base 12, what is 110b6a - 1?
110b69
In base 4, what is -110 + -1121000?
-1121110
In base 4, what is -21210 - -1312?
-13232
In base 10, what is -1085 + 4?
-1081
In base 15, what is -5e8c + 1b?
-5e71
In base 3, what is 10021 + -10012010?
-10001212
In base 8, what is 61 + -15721?
-15640
In base 7, what is -26 + 12643?
12614
In base 15, what is -1b81 + 122?
-1a5e
In base 11, what is 1405 - -28?
1432
In base 14, what is 101 - 1da6?
-1ca5
In base 9, what is 28642 + -1?
28641
In base 2, what is 11101000000101 - 1?
11101000000100
In base 2, what is 0 + -10010101100000011?
-10010101100000011
In base 7, what is -2311 - 10?
-2321
In base 7, what is 3140423 + 2?
3140425
In base 15, what is -68b4 + 4?
-68b0
In base 5, what is 12444 + -120?
12324
In base 6, what is -2054 - -413?
-1241
In base 2, what is -10 - 1110011010111000?
-1110011010111010
In base 13, what is -9 + -1c36?
-1c42
In base 7, what is -1 + -5526605?
-5526606
In base 10, what is -7 + 4526?
4519
In base 4, what is -11 + -122233?
-122310
In base 14, what is 474 - -48?
4bc
In base 10, what is -46 + -49030?
-49076
In base 12, what is -18 + -a089?
-a0a5
In base 13, what is 1802 - 8?
17c7
In base 16, what is -7ef7 - 3?
-7efa
In base 14, what is 12 + d4c?
d60
In base 12, what is -2 + -14495?
-14497
In base 3, what is -11 + -201212022010?
-201212022021
In base 9, what is 3557 + -3?
3554
In base 2, what is 1 - -101000001110101?
101000001110110
In base 12, what is 255b + -11?
254a
In base 6, what is 105142 + -1?
105141
In base 2, what is -110011100 + 1011000001011?
1010001101111
In base 9, what is 20362 + 10?
20372
In base 11, what is 2463 - -2aa?
2762
In base 11, what is 9 - 107812?
-107804
In base 10, what is 671116 + 2?
671118
In base 9, what is -2 - 47371?
-47373
In base 8, what is 5 - 171553?
-171546
In base 9, what is -230 + -202?
-432
In base 15, what is -147dd - 7?
-147e5
In base 12, what is 26036 + 38?
26072
In base 4, what is -111131313 - 10?
-111131323
In base 5, what is 2101220 + 0?
2101220
In base 8, what is 1356 - -102?
1460
In base 4, what is 12 - 12331001?
-12330323
In base 13, what is 10 + 18050?
18060
In base 4, what is 13133112 - -10?
13133122
In base 14, what is 6 + 1dd1?
1dd7
In base 15, what is 19aa8 - 5?
19aa3
In base 14, what is 9 - 9b4cd?
-9b4c4
In base 12, what is 168260 - 0?
168260
In base 2, what is 10011001011110000 + -1000?
10011001011101000
In base 3, what is 111101 - -201210?
1020011
In base 9, what is 27160 + 68?
27238
In base 10, what is -1993 - 699?
-2692
In base 16, what is 2 - e0ba?
-e0b8
In base 4, what is -301322 - -33?
-301223
In base 6, what is 1 + -11524444?
-11524443
In base 11, what is 260951 - -3?
260954
In base 6, what is -3100522 + -5?
-3100531
In base 11, what is -7176 + -3?
-7179
In base 9, what is 4 - 24340?
-24335
In base 12, what is 10b76 - 2?
10b74
In base 7, what is 6130 + -22?
6105
In base 9, what is 14 - 212513?
-212488
In base 15, what is 5e + 74b?
7aa
In base 4, what is 121302233 - -11?
121302310
In base 11, what is 1 - -2654a?
26550
In base 10, what is -53558 + -5?
-53563
In base 2, what is -1000110110100 - 10?
-1000110110110
In base 13, what is 3 + 84a3?
84a6
In base 13, what is 3 + -7470?
-746a
In base 12, what is 3 + -111988?
-111985
In base 16, what is -10143 - -5?
-1013e
In base 3, what is -2 - 110001101?
-110001110
In base 4, what is -3 + 313323?
313320
In base 2, what is 111 + -10001000011110111011?
-10001000011110110100
In base 7, what is 540 + 15546?
16416
In base 7, what is 3 - 116104?
-116101
In base 3, what is -1222212200 + -2?
-1222212202
In base 16, what is -2c + d77?
d4b
In base 5, what is -1242 + 41134?
34342
In base 7, what is -212 - 64564?
-65106
In base 7, what is 3330 + -20?
3310
In base 16, what is -19c6 - 14?
-19da
In base 6, what is -1 + -23444030?
-23444031
In base 2, what is 110000100000001011 - 111?
110000100000000100
In base 12, what is -3477 - -287?
-31b0
In base 7, what is 11563 - -44?
11640
In base 5, what is -2131 + -3304?
-10440
In base 13, what is -1 + -3a34b?
-3a34c
In base 11, what is -1103a - 3?
-11042
In base 12, what is 2aa - -1501?
17ab
In base 9, what is 5 - 87851?
-87845
In base 13, what is -123 + 184?
61
In base 11, what is 6 - -77368?
77373
In base 8, what is -6267 - -3?
-6264
In base 10, what is -236 + 2227?
1991
In base 14, what is -3a + -149?
-185
In base 13, what is -77 - 3b84?
-3c2b
In base 11, what is 2a - -1a1?
220
In base 11, what is 1048 + a?
1057
In base 7, what is -534 - 1142?
-2006
In base 14, what is 1d9db - 0?
1d9db
In base 7, what is 23334442 + -2?
23334440
In base 12, what is 0 + -346601?
-346601
In base 14, what is 5 - a5602?
-a55db
In base 4, what is 203202311 + -10?
203202301
In base 8, what is 64440 + -212?
64226
In base 6, what is 15 + 144343?
144402
In base 8, what is 11557631 - -5?
11557636
In base 15, what is 12b94 - -18?
12bac
In base 10, what is 5 - -28017?
28022
In base 15, what is -2ed - -3?
-2ea
In base 4, what is -11 - -3101010?
3100333
In base 12, what is 8 + 45a?
466
In base 9, what is 288 + -378?
-80
In base 2, what is 110100010011 + 10?
110100010101
In base 13, what is -2a5 - 1719?
-19c1
In base 13, what is 30 - 6083?
-6053
In base 10, what is -110528 - -7?
-110521
In base 8, what is -317 + 473?
154
In base 11, what is 2 - -9920?
9922
In base 8, what is 2604 + 30?
2634
In base 16, what is -4 - 53776?
-5377a
In base 13, what is -38 + 18a0?
1865
In base 9, what is -21252 - -54?
-21187
In base 10, what is 299822 - -9?
299831
In base 12, what is 72b6 - -1?
72b7
In base 5, what is 1122023 + -2?
1122021
In base 10, what is -3 - -26896?
26893
In base 16, what is -b767 - -4?
-b763
In base 6, what is 120303 - -53?
120400
In base 16, what is -2 - -41cf?
41cd
In base 13, what is -7 + 863c1?
863b7
In base 13, what is -6ac6 - -20?
-6aa6
In base 11, what is -100a5 + 3?
-100a2
In base 8, what is 1404 + -471?
713
In base 4, what is -13232 - 2210?
-22102
In base 16, what is 3e2 + 1de?
5c0
In base 13, what is -42 - -959?
917
In base 14, what is -71bc + 1?
-71bb
In base 9, what is 3 - -2408164?
2408167
In base 4, what is 3010032210 - -13?
3010032223
In base 11, what is 908 - 3a?
879
In base 4, what is 103 + 2300333?
2301102
In base 16, what is -52 - -f49?
ef7
In base 15, what is 4ddb + 2b?
4e17
In base 9, what is -738 - 132?
-871
In base 8, what is -75 - 67?
-164
In base 2, what is 10010101111011101 + 1010?
10010101111100111
In base 11, what is -1 - -3553?
3552
In base 5, what is 221244 + -12?
221232
In base 12, what is a758 - -4?
a760
In base 13, what is 3c8 - 729?
-331
In base 16, what is -2 - 75e?
-760
In base 6, what is 20301 + 1331?
22032
In base 12, what is -5 - 1426?
-142b
In base 10, what is -263917 + 3?
-263914
In base 4, what is -31 - 1022222?
-1022313
In base 16, what is 7f03 + -3?
7f00
In base 9, what is -112464 + -4?
-112468
In base 12, what is 6 - -23325?
2332b
In base 15, what is 3140 - -ac?
31ec
In bas